*o - 431 = 4456. Let j = -264 - o. What are the prime factors of j?
3, 31
Let k be -1 - (1 + 28/(-4)). Suppose 0 = -2*q + 3*m + 5 - 36, -5*q - k*m = 15. What are the prime factors of -3*q/(-6) + 256?
2, 3, 7
Suppose 0 = -227*w + 219*w + 6456. Suppose -806*i = -w*i + 539. What are the prime factors of i?
7, 11
Let r = 392 + -368. Suppose -1369 = -r*w + 20207. List the prime factors of w.
29, 31
Let k(j) = j**3 - 6*j**2 - 32*j + 291. List the prime factors of k(24).
3, 7, 157
Let n be (1 + (-2)/12*33)*2. Let c(l) = -l**2 - l - 3. Let g be c(-3). List the prime factors of (n + g)/((-6)/81*3).
3
Let w(j) = -3606*j**3 + j - 12. What are the prime factors of w(-2)?
2, 13, 1109
Suppose 1795*c = 1773*c + 147224. List the prime factors of c.
2, 7, 239
What are the prime factors of 248/32 + 39/(-52) - -32759?
2, 3, 43, 127
Suppose -3 + 5 = -i. Let r(m) = m**2 + 6*m + 11. Let b be r(i). Suppose b*q + 5*n = 168 + 146, 0 = 3*n - 12. List the prime factors of q.
2, 7
Suppose 3*x = -5*j + 17850, 5*x - 5*j - 21753 = 8037. List the prime factors of x.
3, 5, 397
Suppose -3*r + 15*r - 348 = 0. Let b = r - 28. Let i = b - -24. List the prime factors of i.
5
Let y be (-116)/((1 - -1)*(-7)/56). What are the prime factors of y/(-6)*(-9)/2?
2, 3, 29
Let n(j) = 16*j**2 - 329*j + 480. What are the prime factors of n(-33)?
3, 9587
Let l(v) = 464*v**2 - 198*v - 1419. What are the prime factors of l(-7)?
73, 311
Suppose 2*y = 2*c - 12, 4*c + 18 = 7*c + 4*y. Let l(u) = 119*u + 7. Let p be l(5). Suppose 28 + p = c*h. List the prime factors of h.
3, 5, 7
List the prime factors of ((-18153)/(-18))/(11/44).
2, 2017
Let a(n) = 28*n + 47. Let p be a(-3). Let u = -33 - p. List the prime factors of u.
2
Suppose -3*z + 3*d = -z - 6478, 4*z = -2*d + 12988. Suppose 0 = 17*m - 393 - z. List the prime factors of m.
2, 107
Let v be ((-60)/(-6) - 8) + 7417*4. Suppose 0 = -23*n + 11178 + v. List the prime factors of n.
2, 3, 37
Let a(z) = -777*z - 2551. List the prime factors of a(-19).
2, 43, 71
Let k(v) = 732*v**2 + 58*v - 760. List the prime factors of k(9).
2, 29527
Let n(y) = -5*y + 16. Let b be n(-9). Suppose b*k = 60*k - 511. Let q = -364 - k. What are the prime factors of q?
3, 7
Let g(f) = f**3 + 7*f**2 + f - 9. Let d be g(-7). Let x be (24/d)/((-2)/752). Suppose -9*u = -210 - x. List the prime factors of u.
2, 43
Suppose 30*w + 16*w + 268664 = 1056782. What are the prime factors of w?
3, 5711
Suppose -v + 3 - 2 = -4*a, 0 = a - 2. Let j(o) = -34*o + 7. Let n be j(v). Let k = -201 - n. List the prime factors of k.
2, 7
What are the prime factors of -3*(52 + 3)/5*(-3998)/6?
11, 1999
Suppose 4*h = 10*h - 72157 + 26755. What are the prime factors of h?
7, 23, 47
What are the prime factors of 8 - (-97427)/(121/11)?
3, 5, 197
Let s = 0 - -6. Let l(r) = -5*r**2 + 4*r - 1. Let a(v) = v**3 - v**2 + v. Let d(i) = a(i) + l(i). What are the prime factors of d(s)?
29
Let c = 646 - 641. Suppose c*x = 6917 - 367. List the prime factors of x.
2, 5, 131
Let m be 22 - -12*6/12. List the prime factors of (528/84)/(2/m).
2, 11
Let z(q) be the first derivative of -179/4*q**4 + 2/3*q**3 - 29 + 0*q + 1/2*q**2. What are the prime factors of z(-1)?
2, 3, 5
Suppose -4*b = -7*q + 10*q - 2, 4 = b - q. Let p(o) = -o**2 + 9*o - 8. Let n be p(8). Suppose b*l + 3*l - 185 = n. What are the prime factors of l?
37
Let p(f) = -3*f - 31. Let c be p(-9). Let w be (0 - c - -4)/2. Suppose -3*m - 100 = -5*m + w*i, 218 = 4*m - 2*i. What are the prime factors of m?
2, 7
Suppose 12 = 3*z + 6. Suppose -28 = z*i - 5*o, 3*o = 5*i + 8*o. What are the prime factors of ((-87)/(-9))/(70/(-18) - i)?
3, 29
Suppose 5*x + 6*q = 3*q + 4227, 0 = -2*x + 5*q + 1697. Let c = x - 511. What are the prime factors of c?
5, 67
Let p = -29621 - -51683. List the prime factors of p.
2, 3, 3677
Let k = -873 + 878. List the prime factors of (1831 - -17) + (1 - k).
2, 461
Let b = -4 + 13. Suppose b*u - 849 = 771. What are the prime factors of u?
2, 3, 5
Let f(r) = -5*r**3 + 177*r**2 - 19*r - 2. What are the prime factors of f(12)?
2, 7, 1187
Suppose -2*l = -4*j - 39012, -5*j = -4*l + 30554 + 47476. List the prime factors of l.
2, 5, 1951
Let a(u) = 657*u - 4130. List the prime factors of a(79).
11, 43, 101
Let p = -439 + -404. Let u = 1953 + p. What are the prime factors of u?
2, 3, 5, 37
Let t be (1 + 0)*(-9 + 1329)/5. Suppose -5*k = q - 587, q + t = -4*k + 733. What are the prime factors of k?
2, 59
Let k(g) = g**2 - 1. Let u(h) = -3*h**3 - 3*h**2 - 15*h + 14. Let j(m) = -2*k(m) - u(m). List the prime factors of j(6).
2, 3, 127
Let k be 976/(-549) + 2/(-9). List the prime factors of k/8*-4*5 + 188.
193
Let z(b) = -217*b**3 - 8*b**2 - 4*b + 8. Let d(k) = -216*k**3 - 7*k**2 - 3*k + 8. Let t(n) = -3*d(n) + 2*z(n). List the prime factors of t(2).
2, 863
Let v be -2 - -17 - (8 - 5 - 4). List the prime factors of v/(-48) + (-907)/(-3).
2, 151
Suppose -9*d - 4872 = -3*d. Let t = 1417 + d. What are the prime factors of t?
5, 11
Let i be 3/9 - 755*3/(-9). Suppose 3*u + i = -3*u. What are the prime factors of 4 - 21*u/9?
2, 3, 17
Let r be (-4)/((-16)/3 + (-4 - -8)). Suppose -6*y + r*y = -4*h + 1849, 5*h = 5*y + 2310. What are the prime factors of h?
463
Let z(j) = -j**3 - 9*j**2 - 17*j + 9. Let g be z(-6). Suppose 191 = c - 4*w, 9 = -2*w + g. What are the prime factors of c?
179
Suppose 0 = 5*h - 85 - 50. Let s = h + 14. Let d = 208 - s. What are the prime factors of d?
167
Let z(a) = -1909*a + 75. List the prime factors of z(-9).
2, 3, 719
Let t = 62 - 62. Suppose -4*w + 5*u + 1737 = 0, u - 4*u - 15 = t. What are the prime factors of w?
2, 107
Let x be 1081/345 + 4/(-30). Let y(h) = 6*h**3 + 5*h**2 - 10*h + 38. List the prime factors of y(x).
5, 43
Let c(l) = -4*l**2 - 69 + 11 - 9 - l**3 + 17*l - 89*l + 31*l**2. What are the prime factors of c(21)?
11, 97
Let t be 0/(-3)*(6 + -5). Let j(n) = n + 3. Let f be j(t). Suppose -77 = -k + f. What are the prime factors of k?
2, 5
Let h(g) = -381*g**3 + g**2 + 30*g - 36. List the prime factors of h(-5).
2, 17, 349
Let o(c) = 2*c**2 + 3*c - 4. Let b be o(-3). Suppose 25 + 35 = b*i. Suppose -4 + i = 2*s. What are the prime factors of s?
2
Suppose 5*q + 13*f = 8*f, -3*q = -3*f. Suppose 5*o - 2538 + 160 = 3*i, -i + 4 = q. Let w = o - 257. List the prime factors of w.
13, 17
Suppose 188*m = 187*m + 6437. List the prime factors of m.
41, 157
Suppose 3 = -9*b + 30. Suppose -32 = b*x - 11. List the prime factors of x/56 + (-2025)/(-8).
11, 23
Suppose -4*o + 5*u = -39071, 75*o = 74*o + 4*u + 9776. What are the prime factors of o?
2, 2441
Let w(s) = -s**2 + 29*s - 13. Let b be w(21). Suppose 2*r - 4*r = -o - 35, -5*o + 5*r - b = 0. List the prime factors of (-47)/(((-1)/(-3))/(9/o)).
47
Let z = 4823 - 1179. Suppose -3*t = -b - 2733, -7*t + 5*b = -3*t - z. List the prime factors of t.
911
Suppose -6*s + 5*x + 25180 = -s, -2*s + x = -10072. List the prime factors of s.
2, 1259
Suppose 5*w = -4*j + 1163, -2*w = 2*j - 347 - 233. Let i = j - -138. What are the prime factors of i?
5, 17
Let o(n) = 1721*n**3 - 2*n**2 + 24*n - 32. What are the prime factors of o(2)?
2, 3, 7, 41
Let f(y) be the third derivative of -y**6/120 - 7*y**5/30 + 25*y**4/24 + 11*y**3/3 + 362*y**2. Suppose -x + 16 = -2*x. What are the prime factors of f(x)?
2, 67
Let n(s) = s - 4. Let z be n(-3). What are the prime factors of (-2774)/z - ((-522)/(-63) + -8)?
2, 3, 11
Suppose -5*b + 30 = 0, 24*z - 2*b + 18568 = 25*z. List the prime factors of z.
2, 4639
Let z be 3/(-6)*(-11 + 9). Let f(n) = 854*n. List the prime factors of f(z).
2, 7, 61
Let n be (12/(-8))/(-3 - (-20)/8). Suppose -t - 1465 = -5*d + 3*t, -4*d - n*t + 1172 = 0. What are the prime factors of d?
293
Let o(x) = 223*x**3 - 2*x**2 - 10*x - 8. List the prime factors of o(4).
2, 887
Suppose -4*t = -5*j - 5844 - 32777, -9657 = -t + 3*j. What are the prime factors of t?
2, 3, 1609
Let p be 39*3*(-695)/45. Let g = p + 2734. List the prime factors of g.
3, 103
Suppose -49*l + 239470 = -196483. What are the prime factors of l?
7, 31, 41
Let h = 39282 + -22979. What are the prime factors of h?
7, 17, 137
Suppose -5*z + 2*c + 883 + 2620 = 0, -3*z + 2101 = -c. Let h = z - 481. What are the prime factors of h?
2, 109
Let p(v) = -v**3 - 26*v**2 + 12*v - 287. List the prime factors of p(-30).
2953
Let n = -14